2 = -9*j. Calculate the remainder when 815 is divided by h.
15
Suppose -4*l = u - 267, 0 = l + 5*u - 0 - 62. Calculate the remainder when 84 is divided by l.
17
Let u be -3 + (-1 - 0)/((-2)/126). Let f = u + -25. What is the remainder when f is divided by 9?
8
Let g(a) = -a**2 - 6*a + 8. Let l be g(-6). Suppose l*o - 126 = -o. Suppose 32 = 5*b - 158. Calculate the remainder when b is divided by o.
10
Suppose 4*q = 5*q - 1. Let o(b) be the third derivative of 7*b**4/6 + b**3/6 + 8*b**2. What is the remainder when o(q) is divided by 10?
9
Let j be 4/6 + (-4)/(-3). Suppose -j*g = -4*g + 52. Let k = 614 + -563. What is the remainder when k is divided by g?
25
Suppose -7 - 29 = -4*u + 3*c, -5*u + 34 = -c. Suppose -112 = -76*m + 72*m. What is the remainder when m is divided by u?
4
Suppose -4*m + 136 = -l + 5*l, 0 = 5*m - 2*l - 205. Suppose m*r = 33*r + 54. Calculate the remainder when r is divided by 5.
4
Suppose -10*w + 5*w + 80 = 0. Suppose -4*x + w = -20. What is the remainder when 49 is divided by x + -2*(-6 + 4)?
10
Suppose -513 = -4*h - 5*x, 3*h = 2*x - 5*x + 384. Calculate the remainder when h is divided by 26.
23
Let h(m) = m**2 - 5*m + 4. Let c be h(4). Suppose 5*q + 4*u = 14, 10 = 3*q - c*q + 2*u. What is the remainder when q is divided by 1?
0
Suppose 18 = u + 6. Let f = u - 2. What is the remainder when f is divided by 4 + (-6 + 3 - -3)?
2
Suppose 9*b = 13*b - 20. Suppose 3*a + 2*c = 3*c + 51, -95 = -5*a + b*c. Calculate the remainder when 77 is divided by a.
13
What is the remainder when 107 is divided by (-16)/(-136) - (1 - (-606)/(-51))?
8
Suppose 0 = -4*i - 5*v + 411, 3*i - 5*v = -2*i + 480. What is the remainder when i is divided by 34?
31
Let y = 2531 - 2508. Let o be 426/10 + (-2)/(-5). Let i = 109 - o. Calculate the remainder when i is divided by y.
20
Suppose -4*y + 65 + 99 = 0. Suppose 55*q - 248 = 51*q. Let z = 84 - q. What is the remainder when y is divided by z?
19
Suppose -61 = -5*s - 1. Let q = s + -25. What is the remainder when 10 is divided by (-16)/104 + (-41)/q?
1
Calculate the remainder when 202 is divided by 1*(-7)/1 - -33.
20
Let c(w) = -w**3 + 5*w**2 - 2*w - 4. Let f be c(4). What is the remainder when ((-3)/f)/(7/(-140)) is divided by 6?
3
Let o(w) = -45*w + 238. Calculate the remainder when 37 is divided by o(5).
11
Let y be -1 + 5 - 4 - -4. Suppose 0 = y*s + 3*d - 121, 4*s + 2*d = 8*s - 146. What is the remainder when s is divided by 5?
4
Suppose 0 = -4*i + 2*z + 112, 153 = 5*i - 0*z + 4*z. What is the remainder when 35 is divided by i?
6
Suppose u = -5*a + 1876, -a + 4*a + 2*u - 1120 = 0. Calculate the remainder when a is divided by 13.
12
What is the remainder when ((-6)/(-11))/((-26)/(-286)) is divided by 1?
0
Let d = -1 - -5. Suppose -228 = 18*i - 282. What is the remainder when d is divided by i?
1
What is the remainder when (-2)/12*2 + 64/3 is divided by 7?
0
Let l(t) = -t**2 + 11*t - 9. Suppose -65 = -5*x + 220. Calculate the remainder when x is divided by l(8).
12
Let y(v) be the first derivative of -v**4/4 - v**3/3 + v**2/2 - 3*v - 1. Calculate the remainder when y(-3) is divided by 7.
5
Suppose -6 = -2*u + 10. Let q = 46 - 9. Calculate the remainder when q is divided by u.
5
Let p(a) = -3*a. Let g(c) be the third derivative of c**5/60 + 13*c**4/24 + c**3 - 11*c**2. What is the remainder when g(-13) is divided by p(-1)?
0
Let t(u) = u**2 - 2*u. Let s be t(6). Suppose 3*x - 33 - s = 0. Suppose -63 = -4*y - x. Calculate the remainder when y is divided by 3.
2
Let i(a) = 3*a**2 - 3*a + 2. Let f be i(4). Suppose 37*y = 35*y + f. What is the remainder when 56 is divided by y?
18
Let k(g) = -g**3 + 5*g**2 - g - 3. Let y be k(4). Suppose 0 = -4*w - y + 33. What is the remainder when 29 is divided by w?
5
Suppose 635 = 10*v - 385. Calculate the remainder when v is divided by 7.
4
Let z = 15 + -11. Suppose -z*m - 46 = 14. What is the remainder when 5 is divided by m/(-35) - (-22)/14?
1
Calculate the remainder when 7 + 57*(-7)/(-21) is divided by 4.
2
Let s(i) = -i**2 + 5*i - 2. Let r be s(4). What is the remainder when 52 is divided by 21/r*12/9?
10
Let o(v) = -8*v + 4. Let b be o(1). What is the remainder when 48 is divided by 28 - ((1 - b) + -3)?
22
Let s be (-15)/(-9) - 2 - 4/(-3). What is the remainder when s/2 + 95/2 is divided by 25?
23
Suppose 0 = 130*u - 133*u + 807. What is the remainder when u is divided by 10?
9
Let y(s) = 7*s**2 - 29. Let t be y(-8). Let m = t + -216. What is the remainder when m is divided by 34?
33
Suppose 3*y - 311 = -4*v, 0 = v + y - 100 + 23. Suppose -2*b - 166 = -3*g, 2*g + v = 5*b + 209. Calculate the remainder when g is divided by 14.
10
Suppose -327 - 311 = -11*u. Calculate the remainder when u is divided by (-6)/(2 - (-38)/(-16)).
10
Suppose 49 = 5*p - 3*z - 167, 2*p - 2*z = 84. Suppose k - 39 = -4*y, -3*y + 18 = -y + 2*k. Calculate the remainder when p is divided by y*(-6)/20*-4.
9
Suppose 0 = -7*l + 20 + 106. What is the remainder when 149 is divided by l?
5
Let x(n) be the third derivative of -n**5/20 - 19*n**4/24 + 2*n**3/3 + 5*n**2. Suppose -3*j = -4*j + 39. What is the remainder when j is divided by x(-6)?
9
Suppose 3*w - 120 = 3*h, -112 = -3*w - 40*h + 41*h. Calculate the remainder when w is divided by 12.
0
Suppose 0 = 12*h - 8*h - s - 194, -4*h + 204 = 4*s. Calculate the remainder when 288 is divided by h.
43
Let z = 530 - 505. Calculate the remainder when z is divided by 12.
1
Suppose 2*v + 3*a - 3 = 0, -3*v + 4 = 3*a + a. Suppose 3*u = -4*h + 88, 5*h + v + 4 = u. What is the remainder when u is divided by (-2)/(-6) + (-38)/(-3)?
11
Let q(r) = 2*r**3 + r**2 + 4*r + 1. What is the remainder when 299 is divided by q(3)?
71
Let t(n) = -5*n - 14. Let o be t(-4). Suppose -o*x + 210 = -x. Calculate the remainder when 122 is divided by x.
38
Suppose 1279 + 79 = 2*t + 4*y, 2*t - 1373 = y. Calculate the remainder when 43 is divided by (-4)/18 - t/(-45).
13
Let v be (-3 + 4 - -2)*(-4)/(-12). Suppose -4*h = -16, w - 4*h = 12 - v. Suppose 0 = -4*i + 81 + 127. Calculate the remainder when i is divided by w.
25
Suppose 38 = 10*o - 72. Suppose -o*c + 192 = -3*c. Calculate the remainder when 70 is divided by c.
22
Let b = 470 - 351. What is the remainder when b is divided by 48?
23
Suppose 3*v = -5*w + 234 + 225, 0 = -2*v - 3*w + 306. What is the remainder when v is divided by 56?
41
Let y = 39 + -26. Let h = 17 - y. Calculate the remainder when 25 is divided by (10 - h) + (-1 - -2).
4
Suppose -2*d + 8*d = 318. Let w = d - 423. Calculate the remainder when w/(-8) + (-9)/(-12) is divided by 17.
13
Let d = 540 - 230. Suppose 5*f + 2*c = d, f + 2*c - 89 = -19. Calculate the remainder when f is divided by 16.
12
Let m(u) = -u**3 + 19*u**2 - 18*u. Let g be m(18). Suppose -2*l + 0 = -2*q - 32, g = 5*l + 5*q - 90. What is the remainder when 30 is divided by l?
13
Let m be (-3 + (-3 - -2))*2 - -2. What is the remainder when ((-6)/(-4) + -4)*m is divided by (-60)/(-9) + (-2)/3?
3
Let w = 66 + -31. Calculate the remainder when w is divided by 18.
17
Let j(r) = -4*r - 1 + 1 - 11 + r**2. Let f be j(12). Suppose -3*m + 17 + f = 0. What is the remainder when m is divided by 12?
10
Suppose -2*x = x - 6, -34 = -2*i + 5*x. Calculate the remainder when i - 7/((-21)/(-6)) is divided by 11.
9
Let j = -1 + 33. Let f(l) = -2*l**3 - 228*l**2 - 233*l - 729. Calculate the remainder when f(-113) is divided by j.
30
Let z(k) = -k**3 - 9*k**2 - 11*k - 2. Suppose 0 = 3*f - 4*f + 4. What is the remainder when 0 + f - 324/(-4) is divided by z(-8)?
19
Suppose 0 = -2*v + 7*v + 110. Let m = -4 - v. Calculate the remainder when 88 is divided by m.
16
Let t(n) = n**3 - 5*n**2 - 10*n + 14. Calculate the remainder when t(8) is divided by 8.
6
Let d = -117 - -197. Suppose 28 - d = -3*v - 2*z, 3*z = -4*v + 71. What is the remainder when 41 is divided by v?
13
What is the remainder when 12*(-1)/(-3) + (19 - -3) is divided by 15?
11
Suppose 432 = 4*s - s + 4*i, -5*i - 576 = -4*s. Suppose -6*q = -2*q - s. What is the remainder when q is divided by 10?
6
Let a(q) = 25 + q**2 - 2*q**2 + 4. Calculate the remainder when a(0) is divided by 8.
5
Suppose 3*v = -4*t + 259, -5*v + 449 = 2*t - 4*t. Suppose -d - x + 60 = 0, -d + x - 35 + v = 0. Calculate the remainder when d is divided by 12.
9
Let x(c) = -c**3 - c**2 - 4*c -